 410707 a prime number?
False
Is 56113 a composite number?
False
Is 25573 prime?
False
Is 1543994 a prime number?
False
Is 134327 prime?
True
Is 664901 a composite number?
True
Is 57221 a composite number?
False
Is 1056145 a composite number?
True
Is 20707 prime?
True
Is 33559 composite?
True
Is 31615 a prime number?
False
Is 158057 prime?
False
Is 830657 prime?
True
Is 181813 a composite number?
False
Is 7981 a composite number?
True
Is 6445 a prime number?
False
Is 10421 composite?
True
Is 57143 composite?
False
Is 349097 a composite number?
True
Is 141299 composite?
True
Is 736007 a composite number?
False
Is 233851 a prime number?
True
Is 343399 a prime number?
False
Is 132269 composite?
True
Is 364079 a prime number?
True
Is 127 prime?
True
Is 335807 prime?
True
Is 25503 a prime number?
False
Is 11747 prime?
False
Is 2041685 a prime number?
False
Is 93601 a prime number?
True
Is 125446 a composite number?
True
Is 1778963 composite?
False
Is 1665823 composite?
False
Is 50801 a composite number?
True
Is 1205 prime?
False
Is 35661 composite?
True
Is 13247 a prime number?
False
Is 97507 a prime number?
False
Is 672851 a prime number?
False
Is 87853 a prime number?
True
Is 72023 a prime number?
False
Is 12419 a prime number?
False
Is 12883 prime?
False
Is 255389 a prime number?
False
Is 743549 a prime number?
True
Is 2531 a composite number?
False
Is 100289 a composite number?
True
Is 76611 a prime number?
False
Is 17129 prime?
False
Is 1047 composite?
True
Is 324823 prime?
False
Is 1335847 prime?
True
Is 10753 composite?
False
Is 211207 composite?
True
Is 71527 composite?
False
Is 43531 composite?
True
Is 1961 a prime number?
False
Is 13829 composite?
False
Is 320821 composite?
False
Is 651281 composite?
False
Is 596787 a prime number?
False
Is 24179 a prime number?
True
Is 745 a composite number?
True
Is 8914 composite?
True
Is 927995 a prime number?
False
Is 983 prime?
True
Is 311737 a prime number?
True
Is 144923 composite?
True
Is 32113 prime?
False
Is 4327 prime?
True
Is 437321 composite?
False
Is 28151 prime?
True
Is 689 a composite number?
True
Is 1319 composite?
False
Is 72533 a composite number?
False
Is 54521 composite?
False
Is 28103 composite?
True
Is 4201 prime?
True
Is 6226627 prime?
False
Is 169787 prime?
False
Is 61477 a composite number?
True
Is 1187 prime?
True
Is 192857 prime?
False
Is 2177501 a composite number?
False
Is 80513 a prime number?
True
Is 10307 a composite number?
True
Is 38299 composite?
False
Is 34739 a composite number?
False
Is 20365 composite?
True
Is 30491 a composite number?
False
Is 30631 prime?
True
Is 141793 prime?
True
Is 24121 composite?
False
Is 6503 prime?
False
Is 19937 prime?
True
Is 42031 a composite number?
True
Is 42557 prime?
True
Is 128327 a composite number?
False
Is 344353 a prime number?
True
Is 34739 prime?
True
Is 7091 a composite number?
True
Is 82189 a prime number?
True
Is 16051 prime?
False
Is 3672413 composite?
False
Is 198811 a composite number?
False
Is 186377 prime?
True
Is 4421 composite?
False
Is 3086251 prime?
False
Is 12049 prime?
True
Is 815 prime?
False
Is 100991 a prime number?
False
Is 12197 a composite number?
False
Is 3242 a composite number?
True
Is 3251 prime?
True
Is 33257 prime?
False
Is 20047 a composite number?
False
Is 13231 a composite number?
True
Is 8887 prime?
True
Is 11521 a composite number?
True
Is 2813 composite?
True
Is 115883 composite?
False
Is 14585 prime?
False
Is 170707 a prime number?
True
Is 99751 prime?
False
Is 70961 composite?
True
Is 56359 composite?
False
Is 449543 prime?
True
Is 47491 composite?
False
Is 480203 prime?
True
Is 79303 a prime number?
False
Is 17165 prime?
False
Is 37649 composite?
False
Is 50795 composite?
True
Is 3812059 prime?
True
Is 3067 composite?
False
Is 1227 prime?
False
Is 142382 a composite number?
True
Is 886957 composite?
True
Is 355483 composite?
False
Is 5129 a composite number?
True
Is 905111 a composite number?
False
Is 11665 composite?
True
Is 145279 a prime number?
False
Is 402991 a prime number?
True
Is 2453999 composite?
False
Is 4201 prime?
True
Is 9127 composite?
False
Is 2766853 a prime number?
False
Is 296797 prime?
True
Is 427055 composite?
True
Is 2927 composite?
False
Is 336367 a composite number?
True
Is 12283 composite?
True
Is 414574 prime?
False
Is 5161 a prime number?
False
Is 105809 composite?
True
Is 517289 prime?
True
Is 26747 a composite number?
True
Is 24223 a composite number?
False
Is 263 composite?
False
Is 1369531 prime?
True
Is 10713 composite?
True
Is 152491 prime?
False
Is 10391 a composite number?
False
Is 8327 a prime number?
False
Is 1745605 prime?
False
Is 1517 composite?
True
Is 93739 a composite number?
False
Is 62801 a prime number?
True
Is 110486 a composite number?
True
Is 213067 composite?
False
Is 12707 prime?
False
Is 5603 composite?
True
Is 609839 prime?
False
Is 233939 prime?
True
Is 2723 prime?
False
Is 3379 a prime number?
False
Is 294859 a prime number?
True
Is 1069 a prime number?
True
Is 205613 composite?
True
Is 182821 a composite number?
False
Is 42815 a composite number?
True
Is 11213 composite?
False
Is 757495 a prime number?
False
Is 1497911 a composite number?
False
Is 730621 prime?
False
Is 22901 prime?
True
Is 8257 a composite number?
True
Is 762529 a prime number?
True
Is 64549 prime?
False
Is 7789 a prime number?
True
Is 111921 prime?
False
Is 17077 composite?
False
Is 3649 prime?
False
Is 26357 composite?
False
Is 42487 a composite number?
False
Is 153971 a composite number?
True
Is 355543 prime?
False
Is 517637 composite?
False
Is 1822003 a composite number?
False
Is 28151 prime?
True
Is 43777 a composite number?
False
Is 654573 composite?
True
Is 9828599 a composite number?
True
Is 1133 prime?
False
Is 17011 a composite number?
False
Is 411883 a composite number?
False
Is 14953 a composite number?
True
Is 527273 composite?
False
Is 1159229 composite?
False
Is 21913 a composite number?
True
Is 4751 prime?
True
Is 537951 composite?
True
Is 10313 prime?
True
Is 28115 prime?
False
Is 2599 composite?
True
Is 33001 prime?
False
Is 46519 prime?
False
Is 20231 a composite number?
False
Is 267259 composite?
False
Is 1520107 a composite number?
False
Is 967627 a prime number?
True
Is 345407 prime?
False
Is 6421 prime?
True
Is 50741 a prime number?
True
Is 28673 composite?
True
Is 89363 a prime number?
True
Is 276707 a composite number?
False
Is 46317 composite?
True
Is 12367 a prime number?
False
Is 352181 a composite number?
False
Is 20789 a prime number?
True
Is 82741 a prime number?
False
Is 693019 composite?
False
Is 13487 prime?
True
Is 111362 prime?
False
Is 15217 a composite number?
False
Is 245783 composite?
False
Is 329965 a composite number?
True
Is 215149 a prime number?
False
Is 260647 a composite number?
False
Is 1122569 a prime number?
False
Is 8882 composite?
True
Is 173513 a prime number?
False
Is 17159 prime?
True
Is 7507 a prime number?
True
Is 3182495 a composite number?
True
Is 4555 prime?
False
Is 2543 prime?
True
Is 330499 composite?
True
Is 85 a composite number?
True
Is 127707 a prime number?
False
Is 39679 composite?
False
Is 18779 composite?
True
Is 14361 composite?
True
Is 130457 a composite number?
False
Is 1151 prime?
True
Is 5723 a prime number?
False
Is 25429 composite?
True
Is 1116053 a composite number?
False
Is 1757551 a composite number?
True
Is 20953 composite?
True
Is 10367 prime?
False
Is 350003 prime?
True
Is 12889 a composite number?
False
Is 3163 a prime number?
True
Is 13523 prime?
True
Is 15595 composite?
True
Is 43913 composite?
False
Is 453802 prime?
False
Is 5261 a composite number?
False
Is 540331 a prime number?
False
Is 925487 prime?
True
Is 95 a prime number?
False
Is 138389 a prime number?
True
Is 162643 a composite number?
True
Is 3377 prime?
False
Is 201031 prime?
True
Is 546919 a prime number?
True
Is 380179 a composite number?
False
Is 49073 prime?
False
Is 4265 composite?
True
Is 64433 a prime number?
True
Is 405857 prime?
True
Is 36511 prime?
False
Is 955 a prime number?
False
Is 11959 a prime number?
True
Is 18943 a composite number?
True
Is 173611 prime?
False
Is 7079 prime?
True
Is 53731 a prime number?
True
Is 85793 composite?
False
Is 66653 composite?
False
Is 1709 a prime number?
True
Is 517681